 + 0 + (0 - -2).
1
Calculate 0 + -1 + (-17 - 6 - -15).
-9
What is the value of (-13 - -14) + -1 + 0?
0
What is the value of (-6 - -1) + (4 - -1 - -2)?
2
Calculate -5 - (-3 + 5 + -3 + -1).
-3
Calculate 0 - (10 + (-8 - -1)) - 1.
-4
What is 13 + (1 - 6) - 3?
5
What is the value of 10 + (0 - 13) + (0 - -11)?
8
Evaluate -2 + (6 - 0) + -2 + -3.
-1
What is -10 + 4 + -6 - -11?
-1
Calculate (4 - 3) + (3 - 0) + 0.
4
Calculate -48 + 51 + (0 - -3).
6
Calculate 0 + 2 + -1 - (-801 + 804).
-2
Evaluate 0 - ((-6 - -7) + 2 + -1).
-2
-4 - 2 - (-22 + 9)
7
-3 + 1 + -3 + (3 - 1)
-3
Evaluate (26 - 40) + (11 - 1).
-4
What is -9 - (3 + -6 + -2)?
-4
What is the value of 3 + -6 + -4 - 0?
-7
What is (-2 - -1) + -1 - (1 + -2)?
-1
Calculate 0 + -4 - (-4 - -1) - -3.
2
What is the value of 6 - (23 + -6) - -16?
5
What is the value of 4 + -4 - 3 - -6?
3
What is the value of 1 + -2 + 4 + 0?
3
What is -2 - -5 - -2 - 4?
1
Evaluate 6 + -6 + -7 + 1.
-6
-17 + 11 + (-1 - -3)
-4
What is the value of 4 - 7 - -3 - (-2 - 1)?
3
What is the value of -2 - (5 + -1 - 2)?
-4
11 + -3 + -1 + -8
-1
What is -7 + (14 + -7 - 1 - -5)?
4
(-1 - -3) + (-6 - -9)
5
3 + (23 - 11) + -13
2
What is -5 + 0 + (3 - -1) + 0?
-1
(1 - (-3 - -6)) + 2
0
Calculate 2 + 0 + 1 - (-5 - -9).
-1
What is the value of 7 + 6 + -10 - 8?
-5
6 + -1 - (10 + -2) - 3
-6
Calculate 2 + (5 - 9) + 1.
-1
Calculate -12 + -1 + (2 - -4 - -2).
-5
Calculate -7 - 2 - -6 - 1.
-4
Calculate -3 - -4 - (-2 + -1).
4
9 - (-7 + 1 + 10)
5
Calculate -5 - -11 - (3 + 2).
1
What is 2 + (2 - 3) + -6 + 4?
-1
6 + -12 + 7 + 6
7
What is the value of (-2 - -1) + -4 + 12 + -5?
2
Evaluate -1 - (0 - 15) - 5.
9
Calculate -1 + 4 + 3 + -1.
5
What is the value of 1 + -5 + 4 + 3?
3
What is -1 - -2 - -7 - (19 + -13)?
2
Calculate -3 + 3 + -4 + 4.
0
What is 2 - (1 + 0 + -1 + 0)?
2
What is the value of -1 - ((-2 - (-4 + 1)) + -4)?
2
Calculate 0 - (1 + -2 + 3 + 0).
-2
Calculate 7 - 9 - (0 + -4 + 3).
-1
Calculate 7 - (2 - (-18 - -8)) - -6.
1
Evaluate -2 + 1 - (-1 - (4 + -1)).
3
Calculate -7 - (9 - 6 - 7).
-3
Evaluate (-26 - -25) + -5 + 3.
-3
What is 2 - (-9 - -19 - 10)?
2
Evaluate -20 - (-9 + 5 + -7).
-9
What is 2 + 15 + 6 + -17?
6
What is 4 - (2 + -3 - (6 - 7))?
4
What is -12 + 9 + (-5 - -2)?
-6
What is (9 + -3 - (-1 - -7)) + 6?
6
Calculate 1 + 13 + -6 + -8.
0
Evaluate (2 - 8) + 3 + (-6 - -4).
-5
Evaluate 0 + 1 + -4 + 1.
-2
Evaluate 2 + -11 + (-4 - -17 - 10).
-6
Evaluate 1 + -4 + (0 - 0).
-3
What is the value of -4 + (7 - (-2 + 6)) + -2?
-3
Calculate 2 + 4 + -9 + 2.
-1
-2 + 1 - 0 - (18 + -13)
-6
(0 - -1) + 0 - (-4 + 0)
5
Evaluate 2 - 1 - (3 - 9 - -9).
-2
Evaluate (23 - 15) + (-7 - -1).
2
Calculate 19 - -2 - (53 + -40).
8
What is -1 - (0 - 10) - (-1 - -5)?
5
8 - (3 + (5 - -1) + 0)
-1
What is the value of 3 - 1 - ((-2 - -1) + -1)?
4
Calculate 0 - ((-8 - -3) + 5 + -2).
2
Evaluate -1 - (0 - -1) - -3 - 0.
1
Evaluate -7 - (-7 + (-5 - -6)).
-1
(-1 - -1 - 2) + 7
5
What is 0 + 1 + 6 + -3?
4
Calculate 6 + -1 - (-3 - -4).
4
What is (-3 - 2) + 5 + 7 + 0?
7
What is (3 - (-3 + 11 - 4)) + -2?
-3
What is 3 + 0 + (3 - 2)?
4
Evaluate 23 + -23 - (1 + -6).
5
Calculate 2 - (-5 - (-5 + -6 + 6)).
2
Evaluate 7 + -12 - (-10 - (3 + -3)).
5
Evaluate 55 - 59 - (1 + -4).
-1
Calculate -1 + -1 + (-15 - -18).
1
Evaluate -3 + 2 + (-2 - -1).
-2
What is 4 + (1 - (1 + -1) - 3)?
2
What is -3 + (-4 - -11) + -4 - -5?
5
What is the value of 3 - (2 - 1 - -3) - -1?
0
Calculate 5 - (2 - 1) - 3.
1
-2 - (-4 - 0 - (0 - 3))
-1
(-3 - 5 - -1) + 5
-2
Evaluate 3 + 0 - (15 - 11).
-1
Evaluate 170 - 164 - (-1 + 0).
7
What is the value of (-4 - -2) + -2 - (-4 + 4)?
-4
-2 - (-2 + (8 - 3) - 8)
3
Calculate (1 - -1) + 0 + -6.
-4
Evaluate (-7 - 4) + 2 - -7.
-2
Evaluate (8 - (-2 + 0)) + -5.
5
What is 3 + (-6 - -7) + -4?
0
What is the value of -5 + (-1 + 5 - -1 - 2)?
-2
-2 + (3 + 1 - 0)
2
Calculate 24 - (-10 - -15 - -8).
11
Calculate 1 - ((-4 - -1) + (-28 - -26)).
6
-1 - (-3 + (0 - 1) - 0)
3
What is the value of 1 - ((6 - 2) + 4)?
-7
What is the value of 7 - 6 - (5 + -5 + -6)?
7
Evaluate -11 - (-10 + -2 + -6).
7
What is -4 + (0 + 2 - -6) - -2?
6
-1 + (-2 - -2) + 4 + -2
1
-5 - -1 - (16 + -20)
0
Evaluate -5 - 9 - (-12 - 0).
-2
Calculate (0 - (-3 + 2)) + 5 + -13.
-7
What is the value of -11 + (7 + -9 - -10)?
-3
What is the value of 1 + 0 + (7 + -9 - -3)?
2
What is -6 + -10 + (4 - -6)?
-6
13 + -9 + -6 + -1
-3
Calculate -6 - (-5 + 0 + 2).
-3
-3 + -2 + 9 - 1
3
What is the value of (0 - (6 - 1)) + 2?
-3
Calculate (-7 - (-2 - 5)) + -6 - -11.
5
(-2 - (0 - -3)) + 4 - 0
-1
Evaluate 7 - (7 + -1) - 7.
-6
Evaluate -3 - (-1 + 4) - -8.
2
What is the value of -4 + (11 - (-1 + 7 + -3))?
4
Calculate -2 + 2 + (2 - 7 - -5).
0
Calculate (0 + -1 - 3) + (-23 - -32).
5
0 - (-1 - (7 - 4))
4
What is 5 + (-20 - (-7 + -1))?
-7
Evaluate 34 - 22 - (0 - -8) - -1.
5
Calculate 0 - (6 - (-8 + 13)).
-1
What is 7 + 1 + -1 - (11 + -8)?
4
What is 2 - (-8 - (-1 + 0) - -5)?
4
Evaluate 9 + -15 + (2 - -4) + -5.
-5
What is -5 + (6 - (-2 - 1 - -4))?
0
What is the value of 0 - 19 - (18 - 30)?
-7
-3 - ((-3 - -8) + -6)
-2
-6 + (3 - 1) - 0
-4
What is 8 + -1 - (4 + -2)?
5
What is 5 + (-1 - (-8 + 5))?
7
What is the value of 4 + (-8 + -3 - -3)?
-4
Calculate (-1 - -2 - 3) + -3 + 2.
-3
(11 - 7) + (-10 - 4)
-10
What is the value of (0 - (0 - 1)) + -2 - 2?
-3
-1 - (2 + (-11 - -6))
2
What is the value of (-4 - 0) + (2 - 1) - 0?
-3
Calculate -7 + (4 - 0) + -2.
-5
Evaluate 0 + -2 - (3 - 2).
-3
Evaluate 2 + (2 - 4) - 4.
-4
Calculate -1 + 3 + 2 + -4.
0
Calculate -8 + (4 - -6) - -4.
6
Calculate (-3 - 4) + 1 - -3.
-3
Evaluate (0 - -4 - 4) + -2.
-2
What is -7 + 2 + (-7 - -2)?
-10
19 - 15 - ((1 - 1) + -5)
9
What is (3 + 1 + -3 - 3) + -1?
-3
What is the value of -4 + (0 + -2 - (1 - 1))?
-6
What is 40 - 42 - (1 + 0 + -4)?
1
What is the value of -1 - (-4 - -10 - 4)?
-3
Calculate 0 + -1 + -7 - (73 - 76).
-5
Evaluate -11 - (-3 + -4) - -4.
0
-4 + (-2 - (-7 - 1)) + -1
1
(1 - (-3 - -1)) + -5 + -3
-5
((-2 - -5) + -4 - -1) + -1
-1
Calculate 6 + (4 - 2) + -9 + 3.
2
Evaluate -11 + (-7 + 7 - -4) - -10.
3
What is 1 + 5 - (1 - -10)?
-5
What is (6 - 1) + (-1 - (-4 - 1))?
9
Evaluate -3 + (3 - (-8 + 5)).
3
(2 - -7) + -14 - -10
5
Evaluate 3 - (6 + -4 - 0).
1
What is the value of (0 - 0 - -4) + -4?
0
What is -5 + 4 + (3 - (-1 + 6))?
-3
Evaluate -1 + -8 + -10 + 15.
-4
What is the value of -1 - (1 + -5 + -1 + 5)?
-1
Calculate -4 + (8 - 12) + 2.
-6
What is -5 + -5 + (6 - 1)?
-5
What is the value of -10 + 5 + 5 + -9 + 13?
4
(7 + 1 - (-3 - -6)) + -5
0
Calculate 3 + (-10 - -6) + 6.
5
What is 4 + -2 + (-9 - -27) + -14?
6
What is the value of 2 + -1 + (27 - 27) + 0?
1
Evaluate -1 - (-3 + 4) - (-3 + -2).
3
Evaluate -1 + (-5 - -4 - -2).
0
(16 - 1) + (72 - 85)
2
Calculate 0 - (-4 + 0 + 9) - -6.
1
Calculate (3 - 3 - 2) + 2 + 4.
4
Evaluate 0 - (2 + -2 + 9 + -11).
2
Calculate 0 + 1 + -5 + 3 - 1.
-2
9 + -7 + (2 - (3 + -2))
3
(2 - (-4 + 1 - -3)) + -3
-1
Calculate -2 - (-4 - -2 - -2) - 2.
-4
-4 + (-3 - -8) - -4
5
Evaluate (1 - (0 + 4)) + (12 - 11).
-2
8 - (3 - 12) - 10
7
What is the value of (2 - -4) + 28 + -25?
9
What is the value of -6 + (6 - -2) + 2?
4
Calculate -3 + 0 - (-3 + -2 + 8).
-6
Calculate 13 - 42 - -13 - -9.
-7
What is 46 + -45 + 7 + -1?
7
(-2 - 1) + 1 + 5
3
What is the value of 5 - (-8 + 8 + 3)?
2
What is the value of (4 - (-5 + 9)) + -3 + 1?
-2
What is the value of (4 - -4 - (-4 - -8)) + -5?
-1
Evaluate -1 - (-2 + 4 + 0).
-3
What is the value of -10 - -13 - -3 - 8?
-2
-10 + 5 + -10 + 16
1
(-1 - 0) + 5 + (0 - 0)
4
Evaluate -1 + 2 + 1 - (-1 + 4).
-1
Calculate 0 - 6 - (-17 + 6).
5
-5 - (-8 - (4 + -4))
3
What is (-16 - (-6 - -3)) + 7?
-6
What is the value of (2 - 1) + 13 + -11 - -3?
6
What is (2 - -1 - -3) + -1 + -3?
2
Calculate -8 + -17 + 17 + (14 - 0).
6
19 - (-8 + 16 + 0)
11
What is (-16 - (-21 + 1)) + (-2 - 3)?
-1
What is the value of 2 - -1 - (-2 - (-2 - 0))?
3
What is the value of (4 - (-1 - -10)) + -2?
-7
What is 11 + (8 + -11 - 1) + -10?
-3
Calculate 20 + -13 + (-6 - 0 - -2).
3
What is the value of 0 - (13 - (7 - -1) - 5)?
0
1 - 4 - (23 + -6 + -10)
-10
What is the value of (14 - 14) + -1 + 1?
0
7 - (0 - -2) - (-2 - -2)
5
Calculate -2 + (-2 + 1 - (6 - 9)).
0
Evaluate 13 + -13 + 1 + -4 - -6.
3
What is the value of (9 - 14) + -3 - (1 - 15)?
6
What is the value of 4 + (2 + -4 - -5)?
7
What is -143 - -134 - (-6 + 0)?